ulate the highest common factor of 14 and m.
14
Let t = 168838 + -118040. Calculate the greatest common factor of 22 and t.
22
Suppose -7*g - 4*g = -462. Suppose -4*w = 50 - g. Let k be ((w - -1) + (-10)/(-5))*8. What is the greatest common factor of k and 32?
8
Let y = -1216 - -2134. What is the highest common factor of y and 374?
34
Let y(w) = w**2 + 3*w + 5. Let i be y(-3). Suppose -4*g - 181 = -i*v + 136, g + 193 = 3*v. Calculate the highest common divisor of 130 and v.
65
Let s be (-1)/((-5)/(-114))*(-345)/46. Let h = 5 - 1. Suppose h*w - 95 = -w. Calculate the greatest common factor of s and w.
19
Let m(j) = -102*j + 214. Let o(c) = -34*c + 72. Let v(z) = 4*m(z) - 11*o(z). Let x be v(-6). What is the highest common factor of x and 201?
67
Let k = 5409 - 3704. Suppose -223 = -4*l + 3*w, -11*l + 4*w + 279 = -6*l. Calculate the greatest common factor of l and k.
55
Let r = -135 - -155. Let j = r - -38. Suppose j*v = 60*v - 32. Calculate the greatest common divisor of v and 112.
16
Let k(w) be the first derivative of -w**4/4 - 20*w**3/3 - w**2 + 4*w - 2. Let q be k(-20). Calculate the greatest common factor of q and 484.
44
Suppose -3*m = -5*y + 11268, -5*m - 569 = -5*y + 10691. Suppose 503*z - y = 497*z. What is the highest common factor of 8 and z?
8
Let z = 2348 + -2200. Calculate the highest common divisor of z and 12.
4
Let j(z) = z**3 - 18*z**2 - z + 16. Let d be j(18). Let t be (32 + -54)/(3/3 + d). Calculate the highest common factor of 88 and t.
22
Let p(o) = -2*o + 60. Let r(t) = -2*t - 2. Let n(z) = p(z) - 3*r(z). Let c be n(-10). Calculate the greatest common factor of c and 364.
26
Let x(c) = 110 + 12*c + c**2 + 9*c - 82. Let y be x(-20). Calculate the highest common divisor of 2 and y.
2
Let a = -5495 - -5579. Calculate the greatest common divisor of 2226 and a.
42
Suppose 236 = 11*p + 7 - 211. Calculate the greatest common factor of 5380 and p.
20
Suppose 299*n - 9 = 296*n. Suppose -5*r + 2*y = 7*y - 260, -n*r - 5*y = -164. Calculate the greatest common factor of 80 and r.
16
Let n(b) = 164*b - 4. Let c be n(2). Let l = c - 316. What is the greatest common divisor of 152 and l?
8
Let u be 4/(-4) - 1 - 8. Let x(l) = -l**3 - 9*l**2 + 5*l + 2. Let d be x(u). What is the greatest common divisor of d and 4?
4
Let t = -125 + 229. Let f(v) = -v**2 + 6*v + 26. Let x(i) = i - 1. Let w(c) = -f(c) - 3*x(c). Let n be w(-3). What is the greatest common factor of t and n?
13
Let v = 77 - 42. Suppose z - v + 3 = -a, 2*a - 2*z = 68. Calculate the greatest common divisor of a and 33.
33
Let q = 3654 + -3576. What is the greatest common divisor of 299 and q?
13
Suppose -3*z + 5668 = 72*c - 76*c, 4*c - 1852 = -z. Calculate the highest common divisor of z and 846.
94
Suppose 3815 = 3*j - 4*t, 0*j + 13*t = 3*j - 3752. What is the highest common divisor of 777 and j?
21
Let f(n) be the third derivative of n**5/60 + n**4/8 - 8*n**3/3 + 108*n**2. Let k be f(-7). Calculate the highest common divisor of k and 96.
12
Let c = 232 + -142. Let i = c - -63. Let r = 464770 - 464753. What is the greatest common factor of i and r?
17
Suppose -17965*x + 17954*x + 3168 = 0. What is the highest common factor of x and 1632?
96
Let y = 578 + 2161. What is the greatest common divisor of y and 249?
249
Let h be -2*5*8/(-2). Suppose -h*z + 20 = -35*z. Suppose -5*f = d - 58, -40 = -5*f + 4*d + 28. What is the highest common divisor of f and z?
4
Suppose 83*w - 161*w + 86*w = 21712. Calculate the greatest common divisor of w and 138.
46
Let n be (30 - -1) + -6 + 3. Suppose 4*t - 8 - 18 = 3*f, -2*f = 3*t - n. Let z = -5 + 7. What is the greatest common factor of t and z?
2
Suppose 2*m = 16 + 12. Suppose 0 = 5*k - 4*v - 385, 0 = 4*k + 2*v - 5*v - 308. Calculate the greatest common factor of k and m.
7
Let t(h) = 13*h + 213. Let l be t(-16). Suppose 5*n - 27 = -2*q, 2*q - l*n + 8*n = 17. What is the highest common factor of q and 25?
1
Suppose -9*x + 387 = 225. Suppose -q - h = -233, -5*h + 0 - 5 = 0. Calculate the greatest common divisor of q and x.
18
Let t(k) = 23*k - 8 - 7 + 157*k**3 - 156*k**3 - 11*k**2. Let v be t(9). What is the greatest common factor of v and 390?
30
Suppose 91 = 2*d + 97, 0 = p + 3*d - 4485. What is the highest common divisor of p and 42?
42
Suppose 0 = 15*m - 14550 + 14295. What is the highest common divisor of 14059 and m?
17
Suppose -25*a - 195*a + 75402 + 19638 = 0. What is the greatest common divisor of 540 and a?
108
Let c(b) = -35*b - 1216. Let h be c(-36). What is the highest common factor of 594 and h?
22
Let h = 40109 - 36209. Calculate the highest common factor of 468 and h.
156
Suppose 133*d - 970 = 89*d + 218. Let v(x) = x**3 + 18*x**2 + 6. Let z be v(-18). What is the greatest common factor of z and d?
3
Suppose -l = -5*d - 3 - 54, -12 = -4*d. Calculate the highest common factor of l and 424.
8
Let j be 2 + (3056/40 - 2) - (-12)/20. What is the greatest common divisor of j and 119?
7
Suppose 5*j = -17 - 23. Let t be (187/(-44))/(2/j). Let b = 127 - 76. Calculate the highest common divisor of t and b.
17
Let b be 24/(-140)*-5*7. Let y be (b/10)/(11/55). Suppose 2*g = 31 - y. What is the greatest common divisor of g and 112?
14
Let w(c) = -25*c + 0*c**3 + 0*c**3 + 4*c**3 - 5*c**3 + 1 + 14*c**2. Let v be w(7). What is the greatest common divisor of 13 and v?
13
Let n be -1 - 3*8/(-6). Let m(t) = 7*t - 11. Let w be m(n). What is the greatest common factor of 320 and w?
10
Suppose -3*m - 195 - 48 = -a, -3*m + 1125 = 5*a. What is the greatest common factor of a and 57?
57
Suppose -4*m - 4*r + 4292 = 0, 1873 + 3471 = 5*m - 2*r. Calculate the greatest common divisor of 10 and m.
10
Let g be (3 + 5)/(3 - 7/2). Let v = g + 59. Calculate the highest common factor of 301 and v.
43
Let g(o) = -2*o + 79. Let m be g(13). Suppose 0 = -9*z + m + 739. What is the highest common factor of z and 88?
88
Suppose 2 + 32 = 2*u. Suppose 5*o - t + 14 - 24 = 0, -4*o - 3*t = 11. Calculate the highest common factor of o and u.
1
Suppose 20*t - 26*t + 1620 = 0. Suppose -t + 188 = -2*n. Calculate the highest common divisor of n and 410.
41
Let u(s) be the third derivative of s**5/60 + s**4/6 + 11*s**3/6 + 8*s**2. Let t be u(-9). Let j = 345 - 205. Calculate the highest common divisor of t and j.
28
Let b(o) = 2*o**2 + 5*o + 20. Let i be b(5). Suppose i*y = 109*y - 168. Calculate the highest common factor of 108 and y.
12
Let z be 2523/116*534*2/9. What is the greatest common factor of z and 87?
29
Suppose 8936 = 87*p + 287 - 26847. What is the highest common divisor of 6664 and p?
136
Let n(l) = 13*l - 4. Let t be n(4). Let s = -76209 - -76239. What is the highest common factor of s and t?
6
Let a = 2365 + -475. Calculate the greatest common divisor of a and 405.
135
Let p = -137 - -238. Let a = -91 + p. Let u be (-4)/(-4*4/40). What is the highest common factor of u and a?
10
Let x(u) = 16*u**3 - 16*u**2 + 31*u - 22. Let l be x(4). What is the greatest common factor of l and 420?
30
Suppose -100 - 1100 = -10*x. Suppose -125*h - 408 + 917 + 1366 = 0. Calculate the greatest common factor of h and x.
15
Let k be (-284)/20 - (-2)/10. Let j = k - -203. Let b be -19 + 648/54 - 28/(-1)*1. What is the greatest common divisor of b and j?
21
Suppose 146*h = 2720 + 25583 + 22943. Calculate the highest common factor of 216 and h.
27
Let z be (-3140)/6*(-1101)/734. What is the highest common divisor of z and 15?
5
Let x be (-2*(7 - -2))/((-102)/153). Calculate the greatest common divisor of x and 1449.
9
Let k = -20 + 25. Suppose -4*j = -k*n - 1540, 0 = 5*j - 2*n - 1356 - 569. Let f = -253 + j. Calculate the greatest common divisor of 12 and f.
12
Let u = 39628 + -25585. What is the greatest common factor of 186 and u?
93
Let m be ((-15)/(-30))/((-5)/(-460)). Calculate the highest common divisor of m and 3841.
23
Suppose 3*r + 0*r - 270 = 0. Let y(s) = -s + 7. Let h be y(4). Suppose 3*q - 44 = q + 4*n, -h*n = 4*q - 33. What is the highest common factor of q and r?
6
Let x = -1450 - -1740. Calculate the highest common factor of x and 725.
145
Suppose h - w - 5 = 0, 4*w + 0*w + 6 = -3*h. Suppose 8*a - 312 = h*a. Calculate the greatest common divisor of 8 and a.
4
Let n = -11568 - -22801. Calculate the highest common divisor of 47 and n.
47
Let x(c) = 4 + 9*c**2 + 16*c - 3*